716 (base 8) to base 15.
2c5713
21443371 (base 8) to base 2
10001100100011011111001
-3223b (base 12) to base 13
-2406b
-213333111212 (base 4) to base 14
-156c4d0
Convert -374915 (base 10) to base 2.
-1011011100010000011
5102130 (base 7) to base 5
123341213
10359a (base 11) to base 6
3315222
What is -13256020 (base 8) in base 14?
-5754ac
What is 11021120211 (base 3) in base 11?
58342
141548 (base 9) to base 12
4205b
What is -11010010102 (base 4) in base 2?
-101000100000100010010
What is 10c29d0 (base 14) in base 10?
7997962
Convert 1162285 (base 10) to base 15.
17e5aa
What is -12222202220 (base 3) in base 6?
-2305553
What is -5a8c9b (base 13) in base 11?
-124721a
What is 14d9d3 (base 15) in base 3?
1220012200100
-260a9 (base 11) to base 3
-1220021201
What is -104434301 (base 6) in base 5?
-441332310
What is 511051 (base 7) in base 5?
10234230
Convert 29474 (base 15) to base 7.
1061455
What is -693a (base 11) in base 8?
-21636
What is 332002002 (base 5) in base 15?
1d6002
1401613 (base 7) to base 14
4b87a
What is -140160 (base 11) in base 3?
-102011111211
Convert 1485333 (base 11) to base 4.
21230012223
What is 786061 (base 10) in base 3?
1110221021101
What is -359787 (base 10) in base 9?
-607473
-1d899 (base 16) to base 13
-430b7
-323661 (base 11) to base 15
-a33b6
13211312331 (base 4) to base 15
2949bc
20525 (base 16) to base 3
20201121022
What is -3e376 (base 15) in base 13?
-6ccba
177844 (base 9) to base 12
54127
Convert -131012323 (base 4) to base 3.
-20001112211
Convert -24bcb (base 15) to base 14.
-30b0c
Convert -181375 (base 11) to base 4.
-1010112103
Convert -10000011010011100100100 (base 2) to base 3.
-22002121002121
What is -9aacd (base 16) in base 14?
-126c57
Convert -1326360 (base 7) to base 5.
-21100434
-1106d46 (base 16) to base 4
-1010012311012
Convert -1505246 (base 7) to base 10.
-203531
Convert 655b4 (base 12) to base 11.
91679
-836637 (base 10) to base 13
-233a69
-1b918 (base 13) to base 16
-d3fe
Convert -650260 (base 7) to base 14.
-2d267
What is -1001010011010111001 (base 2) in base 11?
-199024
-1a3a3b (base 14) to base 13
-26841c
-121133 (base 6) to base 12
-61a9
1133134033 (base 5) to base 9
4848347
Convert -1001101101111000100 (base 2) to base 3.
-121011202202
Convert 513b49 (base 12) to base 7.
13544433
-11102432 (base 5) to base 9
-157346
What is 341924 (base 10) in base 12?
145a58
Convert 20202020210220 (base 3) to base 15.
4acd66
Convert -79569 (base 11) to base 10.
-115146
Convert -220192 (base 10) to base 16.
-35c20
-4068401 (base 10) to base 9
-7580715
-76a376 (base 11) to base 5
-303311314
Convert 27b363 (base 12) to base 10.
662331
Convert 20210002102 (base 3) to base 13.
489a1
-1b436 (base 13) to base 16
-d0c9
What is 120112022000022 (base 3) in base 8?
37367131
b4a27a (base 12) to base 6
140453434
Convert -1201210010 (base 3) to base 12.
-178a0
-1b9cc5 (base 15) to base 10
-1349510
Convert -2477b2 (base 13) to base 8.
-3252101
15436 (base 10) to base 14
58a8
What is -201102220211212 (base 3) in base 5?
-10121111010
Convert -154841 (base 11) to base 2.
-111010101111010001
Convert -703969 (base 13) to base 9.
-4813424
What is 3055727 (base 9) in base 7?
16603111
Convert -193332 (base 10) to base 5.
-22141312
Convert -21320100000 (base 4) to base 16.
-278400
680120 (base 12) to base 9
3107706
Convert 11102103 (base 5) to base 16.
17b81
Convert 14831197 (base 10) to base 13.
30c3874
116566 (base 9) to base 8
211461
Convert -3044112 (base 6) to base 11.
-9a812
-2153521 (base 9) to base 16
-11a8e3
What is -330754 (base 8) in base 4?
-123013230
599539 (base 12) to base 15
1d8b86
Convert 13343133 (base 5) to base 4.
201201031
Convert -252c57 (base 16) to base 11.
-1414382
What is 22034033 (base 7) in base 14?
3731c3
-1440054 (base 8) to base 10
-409644
Convert 225818 (base 16) to base 2.
1000100101100000011000
What is 93896 (base 12) in base 5?
22134244
Convert -520341541 (base 6) to base 4.
-202102010011
Convert -15402445 (base 8) to base 5.
-1401242021
1343a53 (base 11) to base 7
25464406
539ba1 (base 12) to base 15
1b22ba
What is 3115241 (base 6) in base 12?
72b21
543152 (base 8) to base 14
4a3c6
What is 16766622 (base 8) in base 9?
7345384
5bca (base 13) to base 9
18755
What is -370634 (base 10) in base 9?
-624365
Convert -100020120110121 (base 3) to base 4.
-102233103112
Convert 154368 (base 9) to base 4.
113031203
Convert -11001010001010100010111 (base 2) to base 8.
-31212427
-403510 (base 6) to base 12
-16596
What is 15236c (base 13) in base 8?
1765661
Convert 69a2502 (base 11) to base 9.
25007316
What is -6813257 (base 10) in base 13?
-1547219
1ba6327 (base 13) to base 10
9210364
What is -326896 (base 10) in base 4?
-1033303300
Convert 1202220002 (base 3) to base 16.
8861
-1687059 (base 11) to base 13
-7939c8
What is 109400 (base 11) in base 10?
173514
Convert 141025 (base 9) to base 4.
111000131
-2052145 (base 6) to base 7
-565250
Convert 1033001332 (base 4) to base 12.
1373ba
What is -100101100011100100000 (base 2) in base 12?
-4b4200
3651693 (base 10) to base 13
9ab186
223b3b (base 13) to base 16
c5510
Convert 2445201 (base 7) to base 5.
40021234
What is -1982e0 (base 15) in base 12?
-4bb170
Convert 738127 (base 9) to base 6.
13224124
267578 (base 9) to base 12
7a42b
What is 164322 (base 16) in base 2?
101100100001100100010
What is -100000010110100011 (base 2) in base 8?
-402643
5a6561 (base 14) to base 10
3090809
-26592a1 (base 11) to base 7
-54025254
Convert 12014041 (base 5) to base 6.
2211401
What is -4551341 (base 6) in base 16?
-38b8d
Convert -3b97d3 (base 16) to base 7.
-45124162
-3043043 (base 7) to base 6
-11443215
-154ae4 (base 15) to base 2
-11111011000101110000
Convert -211001221112 (base 3) to base 8.
-1520414
What is -855340 (base 9) in base 12?
-206769
What is -17abc (base 13) in base 15?
-d875
What is -415333 (base 6) in base 13?
-123b4
What is -24425005 (base 6) in base 12?
-318165
Convert -111040 (base 9) to base 16.
-10347
1970a (base 14) to base 6
1214330
101110000001011010010 (base 2) to base 8
5601322
Convert 10010233201 (base 4) to base 2.
100000100101111100001
What is -490465 (base 12) in base 6?
-41203005
41733 (base 8) to base 14
648b
17224cc (base 14) to base 7
165464545
Convert -341124 (base 16) to base 12.
-1186830
Convert -1306501 (base 7) to base 14.
-46138
-2139973 (base 11) to base 4
-32112101130
What is -1995347 (base 11) in base 4?
-30310101302
100b5 (base 16) to base 14
19d41
What is 1902583 (base 10) in base 15?
278add
What is 12111021221012 (base 3) in base 8?
13104723
Convert 10154240 (base 9) to base 13.
101a36c
14331101 (base 7) to base 8
5120734
-377558 (base 11) to base 15
-bb735
What is -1294120 (base 10) in base 14?
-259892
Convert -571688 (base 11) to base 7.
-10506520
Convert 44a61 (base 16) to base 12.
116881
Convert 165ae63 (base 15) to base 4.
331330013001
7195a5 (base 12) to base 10
1778957
233013 (base 8) to base 5
10014441
What is -3004 (base 14) in base 9?
-12261
Convert -1347b (base 13) to base 3.
-1211021202
-16441661 (base 7) to base 4
-12020110211
-bf281 (base 16) to base 5
-200023402
45203422 (base 7) to base 5
2000323042
Convert 13b40 (base 15) to base 16.
f735
3032633 (base 7) to base 12
155002
What is 211101012022 (base 3) in base 15?
8a78e
What is -48031 (base 10) in base 14?
-1370b
Convert -1966a2 (base 15) to base 11.
-775210
Convert -4644437 (base 8) to base 5.
-310421103
Convert -780095 (base 10) to base 15.
-106215
What is 241096 (base 15) in base 13?
485094
What is 42333301 (base 5) in base 8?
1266173
What is 1475a35 (base 12) in base 13?
b1aaab
1110111001100110 (base 2) to base 13
21a18
1765456 (base 8) to base 10
518958
What is 46b76 (base 13) in base 3?
20120110221
What is 10101010001111001001 (base 2) in base 6?
22540105
Convert -23144244 (base 5) to base 6.
-4253032
-23333321203 (base 4) to base 13
-861844
Convert 135019 (base 10) to base 15.
2a014
12201200111021 (base 3) to base 2
1011100111010100110110
What is -89a4a63 (base 11) in base 10?
-15774960
Convert 302258 (base 10) to base 8.
1116262
What is -111031333301 (base 4) in base 11?
-315a095
Convert 35303 (base 14) to base 11.
89381
Convert -101220000122 (base 3) to base 11.
-137048
433104310 (base 5) to base 15
2675da
Convert 262120266 (base 7) to base 15.
1706643
What is -